{"id":5941,"date":"2017-07-30T13:53:20","date_gmt":"2017-07-30T11:53:20","guid":{"rendered":"http:\/\/www.jsgnordsuedcap.de\/?page_id=5941"},"modified":"2026-04-26T00:00:36","modified_gmt":"2026-04-25T22:00:36","slug":"leitungsteam","status":"publish","type":"page","link":"https:\/\/www.jsgnordsuedcap.de\/?page_id=5941","title":{"rendered":"Leitungsteam"},"content":{"rendered":"<p><a href=\"http:\/\/www.jsgnordsuedcap.de\/?attachment_id=5861\" rel=\"attachment wp-att-5861\"><img loading=\"lazy\" decoding=\"async\" class=\"alignnone wp-image-5861\" src=\"http:\/\/www.jsgnordsuedcap.de\/wp-content\/uploads\/2017\/07\/LOGOJSG_nords\u00fcdcap-150x150.jpg\" alt=\"\" width=\"83\" height=\"83\" srcset=\"https:\/\/www.jsgnordsuedcap.de\/wp-content\/uploads\/2017\/07\/LOGOJSG_nords\u00fcdcap-150x150.jpg 150w, https:\/\/www.jsgnordsuedcap.de\/wp-content\/uploads\/2017\/07\/LOGOJSG_nords\u00fcdcap-300x300.jpg 300w, https:\/\/www.jsgnordsuedcap.de\/wp-content\/uploads\/2017\/07\/LOGOJSG_nords\u00fcdcap-768x768.jpg 768w, https:\/\/www.jsgnordsuedcap.de\/wp-content\/uploads\/2017\/07\/LOGOJSG_nords\u00fcdcap-1024x1024.jpg 1024w\" sizes=\"auto, (max-width: 83px) 100vw, 83px\" \/><\/a><\/p>\n<p><strong>Das Leitungsteam der JSG NordS\u00fcdCap besteht aus folgenden Personen:<\/strong><\/p>\n<p><strong>Jugendleiter:\u00a0 <br \/>R\u00fcdiger Willms (SV S\u00fcdkirchen), <br \/>Kettelerstra\u00dfe 12, 59394 Nordkirchen \u00a0\u00a0 <br \/>0175 4743404<br \/><a href=\"mailto:ruediger.willms@jsg-nordsuedcap.de\">ruediger.willms@jsg-nordsuedcap.de<\/a><\/strong><\/p>\n<p><a href=\"http:\/\/www.jsgnordsuedcap.de\/?attachment_id=9607\" rel=\"attachment wp-att-9607\"><img loading=\"lazy\" decoding=\"async\" class=\"alignnone  wp-image-9607\" src=\"http:\/\/www.jsgnordsuedcap.de\/wp-content\/uploads\/2024\/08\/7J4A0448_resized_1.jpg\" alt=\"\" width=\"350\" height=\"345\" srcset=\"https:\/\/www.jsgnordsuedcap.de\/wp-content\/uploads\/2024\/08\/7J4A0448_resized_1.jpg 1024w, https:\/\/www.jsgnordsuedcap.de\/wp-content\/uploads\/2024\/08\/7J4A0448_resized_1-300x296.jpg 300w, https:\/\/www.jsgnordsuedcap.de\/wp-content\/uploads\/2024\/08\/7J4A0448_resized_1-768x758.jpg 768w\" sizes=\"auto, (max-width: 350px) 100vw, 350px\" \/><\/a><\/p>\n<p><strong>Stellvertretender Jugendleiter:<br \/><\/strong><strong>Simon Krieter\u00a0 (SC Capelle)<br \/>0157 37262391<br \/><a href=\"mailto:simon.krieter@jsg-nordsuedcap.de\" target=\"_blank\" rel=\"noopener\">simon.krieter@jsg-nordsuedcap.de<\/a><br \/><\/strong><\/p>\n<p><strong>Simon ist u.a. f\u00fcr die Ansetzung und Verlegung der Spiele zust\u00e4ndig.<\/strong><\/p>\n<p><a href=\"http:\/\/www.jsgnordsuedcap.de\/?attachment_id=8537\" rel=\"attachment wp-att-8537\"><img loading=\"lazy\" decoding=\"async\" class=\"alignnone  wp-image-8537\" src=\"http:\/\/www.jsgnordsuedcap.de\/wp-content\/uploads\/2023\/08\/20230817_202614-768x1024.jpg\" alt=\"\" width=\"225\" height=\"300\" srcset=\"https:\/\/www.jsgnordsuedcap.de\/wp-content\/uploads\/2023\/08\/20230817_202614-768x1024.jpg 768w, https:\/\/www.jsgnordsuedcap.de\/wp-content\/uploads\/2023\/08\/20230817_202614-225x300.jpg 225w, https:\/\/www.jsgnordsuedcap.de\/wp-content\/uploads\/2023\/08\/20230817_202614-1152x1536.jpg 1152w, https:\/\/www.jsgnordsuedcap.de\/wp-content\/uploads\/2023\/08\/20230817_202614-1536x2048.jpg 1536w, https:\/\/www.jsgnordsuedcap.de\/wp-content\/uploads\/2023\/08\/20230817_202614-scaled.jpg 1920w\" sizes=\"auto, (max-width: 225px) 100vw, 225px\" \/><\/a><\/p>\n<p><strong>Gesch\u00e4ftsf\u00fchrer: <br \/>Ingo Schock (FC Nordkirchen), <br \/>Dahlienweg 4, 59394 Nordkirchen<br \/>0176 78144399<br \/><a href=\"mailto:ingo.schock@jsg-nordsuedcap.de\">ingo.schock@jsg-nordsuedcap.de<\/a><\/strong><\/p>\n<p><strong>Er k\u00fcmmert sich um das gro\u00dfe Thema &#8220;Spielberechtigung&#8221;, sprich: Anmeldungen, K\u00fcndigungen, Ummeldungen&#8230;.<\/strong><\/p>\n<p><img loading=\"lazy\" decoding=\"async\" class=\"\" src=\"http:\/\/www.jsgnordsuedcap.de\/wp-content\/uploads\/2022\/06\/Ingo-Schock-1024x703.jpg\" alt=\"Dieses Bild hat ein leeres Alt-Attribut. Der Dateiname ist Ingo-Schock-1024x703.jpg\" width=\"335\" height=\"230\" \/><\/p>\n<p><strong>Finanzleiterin: <br \/>Sarah Quante<\/strong><strong>\u00a0(SC Capelle) <br \/>(Foto folgt noch)<\/strong><\/p>\n<p><strong>2 Beisitzer werden noch gesucht und sollen dann sp\u00e4ter hinzugef\u00fcgt werden.<\/strong><\/p>\n<p><strong>\u00a0XXXXXXXXXXXXXXXXXXXXXXXXXXXXXXXXXXXXXXXXX<\/strong><\/p>\n<p><strong>\u00a0 \u00a0 \u00a0<br \/><\/strong><strong>Als Ansprechpartnerin f\u00fcr das Thema &#8220;Gewalt&#8221; bzw. &#8220;Sexualisierte Gewalt&#8221; steht Vera Greferath allen SpielernInnen, TrainerInnen und Eltern der JSG zur Verf\u00fcgung.\u00a0 <\/strong><em><strong>\u00a0 \u00a0Kontakt: 0171 8280720\u00a0 \u00a0<\/strong><\/em><\/p>\n<p><a href=\"http:\/\/www.jsgnordsuedcap.de\/?attachment_id=8265\" rel=\"attachment wp-att-8265\"><img loading=\"lazy\" decoding=\"async\" class=\"alignnone  wp-image-8265\" src=\"http:\/\/www.jsgnordsuedcap.de\/wp-content\/uploads\/2023\/05\/Vera-Greferath-e1683570549422-1010x1024.jpg\" alt=\"\" width=\"258\" height=\"261\" srcset=\"https:\/\/www.jsgnordsuedcap.de\/wp-content\/uploads\/2023\/05\/Vera-Greferath-e1683570549422-1010x1024.jpg 1010w, https:\/\/www.jsgnordsuedcap.de\/wp-content\/uploads\/2023\/05\/Vera-Greferath-e1683570549422-296x300.jpg 296w, https:\/\/www.jsgnordsuedcap.de\/wp-content\/uploads\/2023\/05\/Vera-Greferath-e1683570549422-768x778.jpg 768w, https:\/\/www.jsgnordsuedcap.de\/wp-content\/uploads\/2023\/05\/Vera-Greferath-e1683570549422.jpg 1490w\" sizes=\"auto, (max-width: 258px) 100vw, 258px\" \/><\/a><\/p>\n<p><strong><br \/>Kontaktdaten der Stammvereine:<br \/>(zb f\u00fcr Fragen zur Mitgliedschaft, Abbuchungen usw..)<\/strong><\/p>\n<p><strong>FC Nordkirchen:<br \/>Burkhard Schulte<br \/>Fu\u00dfballabteilung FC Nordkirchen<br \/>Auf den \u00c4ckern 27 a<br \/>59394 Nordkirchen<br \/>0170 4318612<br \/>Burkhard.schulte@fc-nordkirchen.de<br \/><\/strong><\/p>\n<p><strong>SV S\u00fcdkirchen:<br \/>Thomas Wiggers<br \/>Elisabeth-Ernst-Str. 43<br \/>59394 Nordkirchen<br \/>0160 3617956<br \/><\/strong><br \/><strong>SC Capelle:<br \/>Sebastian Mertens<br \/>Gorfeldstra\u00dfe 25<br \/>59394 Nordkirchen<br \/>0162 4552488<\/strong><\/p>\n\n\n<p><\/p>\n\n\n\n<p><\/p>\n","protected":false},"excerpt":{"rendered":"<p>Das Leitungsteam der JSG NordS\u00fcdCap besteht aus folgenden Personen: Jugendleiter:\u00a0 R\u00fcdiger Willms (SV S\u00fcdkirchen), Kettelerstra\u00dfe 12, 59394 Nordkirchen \u00a0\u00a0 0175 4743404ruediger.willms@jsg-nordsuedcap.de Stellvertretender Jugendleiter:Simon Krieter\u00a0 (SC Capelle)0157 37262391simon.krieter@jsg-nordsuedcap.de Simon ist u.a. f\u00fcr die Ansetzung und Verlegung der Spiele zust\u00e4ndig. Gesch\u00e4ftsf\u00fchrer: Ingo &hellip; <a href=\"https:\/\/www.jsgnordsuedcap.de\/?page_id=5941\">Weiterlesen <span class=\"meta-nav\">&rarr;<\/span><\/a><\/p>\n","protected":false},"author":4,"featured_media":0,"parent":0,"menu_order":0,"comment_status":"closed","ping_status":"closed","template":"","meta":{"om_disable_all_campaigns":false,"footnotes":""},"class_list":["post-5941","page","type-page","status-publish","hentry"],"aioseo_notices":[],"jetpack_shortlink":"https:\/\/wp.me\/P4xSmw-1xP","jetpack_sharing_enabled":true,"_links":{"self":[{"href":"https:\/\/www.jsgnordsuedcap.de\/index.php?rest_route=\/wp\/v2\/pages\/5941","targetHints":{"allow":["GET"]}}],"collection":[{"href":"https:\/\/www.jsgnordsuedcap.de\/index.php?rest_route=\/wp\/v2\/pages"}],"about":[{"href":"https:\/\/www.jsgnordsuedcap.de\/index.php?rest_route=\/wp\/v2\/types\/page"}],"author":[{"embeddable":true,"href":"https:\/\/www.jsgnordsuedcap.de\/index.php?rest_route=\/wp\/v2\/users\/4"}],"replies":[{"embeddable":true,"href":"https:\/\/www.jsgnordsuedcap.de\/index.php?rest_route=%2Fwp%2Fv2%2Fcomments&post=5941"}],"version-history":[{"count":42,"href":"https:\/\/www.jsgnordsuedcap.de\/index.php?rest_route=\/wp\/v2\/pages\/5941\/revisions"}],"predecessor-version":[{"id":10739,"href":"https:\/\/www.jsgnordsuedcap.de\/index.php?rest_route=\/wp\/v2\/pages\/5941\/revisions\/10739"}],"wp:attachment":[{"href":"https:\/\/www.jsgnordsuedcap.de\/index.php?rest_route=%2Fwp%2Fv2%2Fmedia&parent=5941"}],"curies":[{"name":"wp","href":"https:\/\/api.w.org\/{rel}","templated":true}]}}